691
Convert -1448 (base 14) to base 3.
-11221001
Convert 321321 (base 4) to base 5.
104310
Convert 1556 (base 13) to base 16.
c29
Convert 974 (base 10) to base 16.
3ce
-8aa (base 11) to base 15
-4c8
27e0 (base 16) to base 14
3a12
What is -453 (base 7) in base 10?
-234
What is 122d (base 15) in base 8?
7434
What is -100d2 (base 15) in base 5?
-3111242
What is -14964 (base 10) in base 15?
-4679
-699 (base 16) to base 11
-12a6
What is 1212001120 (base 3) in base 15?
ac2c
What is -201012 (base 3) in base 12?
-372
211222 (base 3) to base 7
1544
What is -2340 (base 5) in base 4?
-11121
-1244 (base 7) to base 5
-3343
Convert 15319 (base 15) to base 12.
33573
Convert -3423 (base 6) to base 2.
-1100100111
What is 14312 (base 6) in base 16?
8e4
What is -5611 (base 7) in base 16?
-7e1
Convert -81c5 (base 16) to base 7.
-165566
-57a (base 14) to base 10
-1088
Convert -3199 (base 12) to base 11.
-4100
What is -d4 (base 15) in base 10?
-199
-200012 (base 3) to base 13
-2ba
101333131 (base 4) to base 13
27709
6352 (base 11) to base 4
2003112
What is -26450 (base 7) in base 4?
-1232303
-12111 (base 3) to base 5
-1043
Convert 9a93 (base 11) to base 5.
411131
What is 7e4 (base 16) in base 15?
8ea
Convert -6274 (base 9) to base 13.
-2131
217e (base 16) to base 11
6495
-a84 (base 12) to base 11
-1180
Convert -33158 (base 10) to base 9.
-50432
-b3 (base 14) to base 6
-421
What is 2 (base 10) in base 3?
2
-5a34 (base 15) to base 2
-100101011100110
What is -369 (base 16) in base 9?
-1170
What is 285c (base 15) in base 8?
20675
564 (base 9) to base 5
3323
Convert -131121 (base 4) to base 7.
-5325
-215062 (base 7) to base 11
-26420
What is -1c7 (base 16) in base 3?
-121212
Convert -10102 (base 6) to base 5.
-20314
Convert 262 (base 8) to base 9.
217
What is 10011110011011 (base 2) in base 8?
23633
Convert -162 (base 7) to base 9.
-113
4112 (base 5) to base 16
214
-4ab (base 12) to base 15
-322
Convert 1181 (base 10) to base 15.
53b
3503 (base 6) to base 2
1100111111
What is 1581 (base 9) in base 15?
557
-13960 (base 14) to base 9
-73464
a01 (base 16) to base 10
2561
3112 (base 8) to base 10
1610
-1010010010 (base 2) to base 4
-22102
5014 (base 11) to base 12
3a3a
What is -459 (base 16) in base 13?
-678
Convert -188 (base 9) to base 15.
-ab
215555 (base 7) to base 9
57128
Convert -111101100110010 (base 2) to base 12.
-16302
Convert 3103203 (base 4) to base 12.
7a03
What is 807 (base 9) in base 8?
1217
What is 22be (base 15) in base 6?
54055
What is -5467 (base 15) in base 2?
-100010111010000
-dd (base 16) to base 15
-eb
Convert 471 (base 14) to base 6.
4031
Convert -38b9 (base 14) to base 11.
-7538
-2102 (base 3) to base 8
-101
-10221131 (base 4) to base 7
-106334
Convert 2224 (base 9) to base 3.
2020211
Convert 3989 (base 10) to base 12.
2385
Convert 22208 (base 12) to base 3.
2022000222
-344a (base 15) to base 10
-11095
43213 (base 5) to base 11
2227
11110212 (base 3) to base 11
24a7
What is a16 (base 14) in base 2?
11110111100
What is -972 (base 13) in base 8?
-3116
Convert -1005 (base 7) to base 9.
-426
Convert -41654 (base 9) to base 12.
-13b04
Convert 642e (base 16) to base 8.
62056
1222 (base 7) to base 11
386
Convert -21201023 (base 4) to base 10.
-38987
-100011010110 (base 2) to base 14
-b78
Convert 26 (base 7) to base 4.
110
720 (base 8) to base 11
392
Convert -41e (base 15) to base 8.
-1641
What is -3443 (base 11) in base 3?
-20012120
-1001010001110 (base 2) to base 7
-16564
Convert -122211 (base 3) to base 16.
-1e1
What is -1000221012 (base 3) in base 15?
-6078
Convert 2202 (base 4) to base 2.
10100010
What is -18a (base 14) in base 16?
-13e
What is -301323 (base 6) in base 5?
-1224132
1222 (base 7) to base 10
457
-10001110001011 (base 2) to base 13
-41ac
Convert 1010100110 (base 2) to base 5.
10203
What is -103454 (base 7) in base 16?
-4697
Convert 390 (base 13) to base 14.
328
Convert -33053 (base 8) to base 7.
-55300
Convert -12302 (base 4) to base 10.
-434
Convert -2111012 (base 4) to base 6.
-112102
Convert 2202122210 (base 3) to base 10.
54426
What is -3145 (base 6) in base 2?
-1011001001
What is -476 (base 11) in base 3?
-210000
What is -2531 (base 6) in base 8?
-1167
Convert 1314 (base 9) to base 7.
2605
Convert -114224 (base 5) to base 9.
-5823
What is -4004 (base 5) in base 12?
-360
2419 (base 11) to base 14
1222
What is -3442 (base 5) in base 2?
-111110001
Convert -e51 (base 15) to base 14.
-1266
What is -428 (base 14) in base 2?
-1100110100
-1169 (base 13) to base 2
-100110010101
What is 1111110011011 (base 2) in base 9?
12080
What is -358 (base 10) in base 9?
-437
What is -2564 (base 14) in base 12?
-3964
Convert -3d9 (base 15) to base 11.
-72a
What is -645 (base 10) in base 6?
-2553
31035 (base 9) to base 7
113414
Convert 21121 (base 3) to base 6.
541
What is -7c68 (base 13) in base 7?
-102000
38 (base 12) to base 7
62
What is -1100101011001 (base 2) in base 16?
-1959
Convert -10040 (base 5) to base 12.
-459
Convert -5056 (base 10) to base 7.
-20512
376 (base 9) to base 3
102120
What is 2088 (base 9) in base 5?
22123
Convert 10122021 (base 3) to base 4.
221131
Convert 2032 (base 9) to base 2.
10111001111
What is -179 (base 10) in base 11?
-153
What is 215 (base 9) in base 10?
176
4a2 (base 16) to base 3
1121221
What is 1398 (base 11) in base 3?
2110201
-6484 (base 10) to base 13
-2c4a
Convert 10792 (base 12) to base 14.
7d70
Convert -6841 (base 10) to base 8.
-15271
-2010121 (base 4) to base 8
-20431
Convert 413 (base 10) to base 15.
1c8
1371 (base 13) to base 6
20540
Convert 17877 (base 10) to base 4.
10113111
Convert -94ca (base 15) to base 8.
-75351
-10037 (base 8) to base 11
-3112
Convert -47023 (base 10) to base 3.
-2101111121
What is -1a2 (base 13) in base 15?
-151
6496 (base 11) to base 8
20577
What is -10212 (base 3) in base 5?
-404
4675 (base 8) to base 14
ca1
What is 10010111011 (base 2) in base 3?
1122212
What is -110524 (base 6) in base 3?
-110201021
What is -2496 (base 12) in base 10?
-4146
Convert -10011010000110 (base 2) to base 14.
-3846
-111100001110 (base 2) to base 3
-12021202
What is -1106 (base 12) in base 9?
-2516
What is 841 (base 15) in base 2?
11101000101
Convert -1020100 (base 4) to base 15.
-1584
2211002100 (base 3) to base 14
162dd
-1234 (base 6) to base 9
-374
What is -33 (base 9) in base 14?
-22
Convert 221110 (base 3) to base 8.
1257
-5050 (base 7) to base 9
-2354
What is -1426 (base 9) in base 6?
-4553
What is 1702 (base 8) in base 5?
12322
What is 387 (base 13) in base 7?
1542
-364 (base 11) to base 5
-3213
4401 (base 6) to base 8
1761
2061 (base 13) to base 14
18b7
330 (base 11) to base 6
1500
1115 (base 12) to base 11
1468
Convert 111000111111001 (base 2) to base 12.
14a75
Convert 22327 (base 9) to base 13.
69b2
What is 11100000101 (base 2) in base 3?
2110120
Convert -490 (base 10) to base 4.
-13222
c842 (base 16) to base 14
1497c
140474 (base 8) to base 4
30010330
Convert -101011111 (base 2) to base 15.
-186
What is 1010010 (base 2) in base 11?
75
Convert 1001011000111 (base 2) to base 15.
1657
Convert 12142 (base 7) to base 3.
11100021
What is -24214 (base 5) in base 4?
-130101
What is 12543 (base 6) in base 15?
890
-157 (base 12) to base 2
-11010011
What is -21023 (base 4) in base 14?
-2dd
2185 (base 11) to base 9
3845
What is 525 (base 8) in base 3?
110122
Convert -27534 (base 9) to base 8.
-44345
-31d0 (base 15) to base 8
-24461
What is 334 (base 6) in base 11?
109
-10323 (base 6) to base 12
-9a3
What is -26d5 (base 16) in base 7?
-40661
Convert 726 (base 12) to base 6.
4450
-520 (base 15) to base 13
-6ab
1101111110111100 (base 2) to base 16
dfbc
What is 10032 (base 6) in base 12?
918
Convert 634 (base 7) to base 9.
384
Convert -11001 (base 3) to base 11.
-9a
1624 (base 13) to base 8
6251
Convert 120120100 (base 3) to base 15.
3569
What is -37d (base 16) in base 3?
-1020002
Convert 83aa (base 11) to base 3.
120021021
2cab (base 14) to base 12
475b
Convert 3559 (base 16) to base 12.
7aa1
Convert -931b (base 13) to base 11.
-14289
What is -5 (base 8) in base 12?
-5
Convert -2542 (base 15) to base 8.
-17401
Convert 5090 (base 11) to base 2.
1101001100010
Convert 989 (base 10) to base 12.
6a5
-92da (base 16) to base 13
-1415b
-487 (base 10) to base 14
-26b
What is 35 (base 15) in base 7?
101
What is -a3